{"id":356,"date":"2018-02-20T23:34:03","date_gmt":"2018-02-20T22:34:03","guid":{"rendered":"http:\/\/zofianatra.org\/?page_id=356"},"modified":"2025-05-06T12:56:32","modified_gmt":"2025-05-06T10:56:32","slug":"a-propos","status":"publish","type":"page","link":"https:\/\/zofianatra.com\/index.php\/a-propos\/","title":{"rendered":"A propos"},"content":{"rendered":"<h1><span style=\"font-family: 'comic sans ms', sans-serif;\">A propos de nous<\/span><\/h1>\n<p><span style=\"font-family: 'comic sans ms', sans-serif;\">\u00ab Zo Fianatra \u00bb s\u2019est engag\u00e9 dans l\u2019am\u00e9lioration du milieu d\u2019\u00e9ducation et aides aux enfants afin de permettre leur scolarisation.<br \/>\n<\/span><\/p>\n<p><span style=\"font-family: 'comic sans ms', sans-serif;\">L\u2019\u00e9ducation est reconnue comme un des leviers les plus puissants pour sortir de la pauvret\u00e9 et devenir un citoyen responsable, c\u2019est pourquoi \u00ab&nbsp;Zo Fianatra&nbsp;\u00bb agit pour que tous les enfants puissent aller \u00e0 l\u2019\u00e9cole et suivre un enseignement de qualit\u00e9.<\/span><\/p>\n<h1><span style=\"font-family: 'comic sans ms', sans-serif;\">Statut de l&rsquo;association \u00ab\u00a0ZO FIANATRA\u00a0\u00bb<\/span><\/h1>\n<p><span style=\"font-family: 'comic sans ms', sans-serif;\"><strong>Article 1 &#8211; Nom et si\u00e8ge<\/strong><\/span><\/p>\n<p><span style=\"font-family: 'comic sans ms', sans-serif;\">Il est cr\u00e9\u00e9 une association d\u00e9nomm\u00e9e : ZO FIANATRA<\/span><\/p>\n<p><span style=\"font-family: 'comic sans ms', sans-serif;\">Le si\u00e8ge est fix\u00e9 \u00e0 : 21,Rue Fr\u00e9deric Kuhlmann 68000 Colmar<\/span><\/p>\n<p><span style=\"font-family: 'comic sans ms', sans-serif;\">Cette association est r\u00e9gie par les articles 21 \u00e0 79 &#8211; III du Code civil local et sera inscrite au registre des associations du tribunal d\u2019instance de Colmar<\/span><\/p>\n<p><img loading=\"lazy\" decoding=\"async\" class=\"size-medium wp-image-583 alignleft\" src=\"http:\/\/zofianatra.org\/wp-content\/uploads\/2019\/10\/DSC_0393-300x199.jpg\" alt=\"\" width=\"300\" height=\"199\" srcset=\"https:\/\/zofianatra.com\/wp-content\/uploads\/2019\/10\/DSC_0393-300x199.jpg 300w, https:\/\/zofianatra.com\/wp-content\/uploads\/2019\/10\/DSC_0393-768x511.jpg 768w, https:\/\/zofianatra.com\/wp-content\/uploads\/2019\/10\/DSC_0393-1024x681.jpg 1024w\" sizes=\"auto, (max-width: 300px) 100vw, 300px\" \/><\/p>\n<p><span style=\"font-family: 'comic sans ms', sans-serif;\"><strong>Article 2 &#8211; Objet<\/strong><\/span><\/p>\n<p><span style=\"font-family: 'comic sans ms', sans-serif;\">L\u2019association a pour objet d&rsquo;aider les \u00e9l\u00e8ves malgaches de la r\u00e9gion de Sofia en difficult\u00e9 financi\u00e8re pour leurs pay\u00e9s leurs frais de scolarit\u00e9 qui doivent etre payer directement aux \u00e9tablissements concern\u00e9s ainsi que leurs fournitures scolaire.<\/span><\/p>\n<p><span style=\"font-family: 'comic sans ms', sans-serif;\">D&rsquo;aider les \u00e9coles rurale dans l&rsquo;am\u00e9lioration de leurs \u00e9tats(r\u00e9novation , dons de mat\u00e9riel didactiques , hygi\u00e8ne, de sant\u00e9).<\/span><\/p>\n<p><span style=\"font-family: 'comic sans ms', sans-serif;\">D&rsquo;aider les \u00e9l\u00e8ves ayant les comp\u00e9tences \u00e0 poursuivre les \u00e9tudes secondaires et sup\u00e9rieures(logistiques, parrainages ,aides financi\u00e8res ,conseils et orientations)&nbsp;&nbsp;&nbsp;&nbsp;&nbsp; L&rsquo;association ne poursuit aucun but politique et n&rsquo;appartient \u00e0 aucune religion.<\/span><\/p>\n<p><span style=\"font-family: 'comic sans ms', sans-serif;\"><strong>Article 3 &#8211; Moyens d\u2019action<\/strong><\/span><\/p>\n<p><span style=\"font-family: 'comic sans ms', sans-serif;\">Pour r\u00e9aliser son objet, l\u2019association se dote notamment des moyens d\u2019action suivants :<\/span><\/p>\n<p><span style=\"font-family: 'comic sans ms', sans-serif;\">&#8211; Conf\u00e9rence-d\u00e9bats sur l&rsquo;\u00e9ducation des enfants malgaches<\/span><\/p>\n<p><span style=\"font-family: 'comic sans ms', sans-serif;\">&#8211; Organisations de manifestations socio- culturelles(expositions ,repas, musiques, vente d&rsquo;objets ,arts malgaches<\/span><\/p>\n<p><span style=\"font-family: 'comic sans ms', sans-serif;\"><strong>Article 4 &#8211; Dur\u00e9e<\/strong><\/span><\/p>\n<p><span style=\"font-family: 'comic sans ms', sans-serif;\">L\u2019association est constitu\u00e9e pour une dur\u00e9e illimit\u00e9e.<\/span><\/p>\n<p><span style=\"font-family: 'comic sans ms', sans-serif;\"><strong>Article 5 &#8211; Ressources<\/strong><\/span><\/p>\n<p><span style=\"font-family: 'comic sans ms', sans-serif;\">Les ressources de l\u2019association sont constitu\u00e9es par :<\/span><\/p>\n<p><span style=\"font-family: 'comic sans ms', sans-serif;\">&#8211; les cotisations des membres<\/span><\/p>\n<p><span style=\"font-family: 'comic sans ms', sans-serif;\">&#8211; les subventions \u00e9manant d\u2019organismes publics ou priv\u00e9s<\/span><\/p>\n<p><span style=\"font-family: 'comic sans ms', sans-serif;\">&#8211; le revenu des biens et valeurs de l\u2019association<\/span><\/p>\n<p><span style=\"font-family: 'comic sans ms', sans-serif;\">&#8211; les dons et legs qui pourraient lui \u00eatre faits<\/span><\/p>\n<p><span style=\"font-family: 'comic sans ms', sans-serif;\">&#8211; les recettes des manifestations organis\u00e9es par l\u2019association<\/span><\/p>\n<p><span style=\"font-family: 'comic sans ms', sans-serif;\">&#8211; toutes autres ressources qui ne sont pas interdites par les lois et r\u00e8glements en vigueur.<\/span><\/p>\n<p><img loading=\"lazy\" decoding=\"async\" class=\"size-medium wp-image-601 alignleft\" src=\"http:\/\/zofianatra.org\/wp-content\/uploads\/2019\/10\/DSC_0192-300x199.jpg\" alt=\"\" width=\"300\" height=\"199\" srcset=\"https:\/\/zofianatra.com\/wp-content\/uploads\/2019\/10\/DSC_0192-300x199.jpg 300w, https:\/\/zofianatra.com\/wp-content\/uploads\/2019\/10\/DSC_0192-768x511.jpg 768w, https:\/\/zofianatra.com\/wp-content\/uploads\/2019\/10\/DSC_0192-1024x681.jpg 1024w\" sizes=\"auto, (max-width: 300px) 100vw, 300px\" \/><img loading=\"lazy\" decoding=\"async\" class=\"size-medium wp-image-596 alignright\" src=\"http:\/\/zofianatra.org\/wp-content\/uploads\/2019\/10\/56832563_333332020658090_9215076999012286464_n-300x225.jpg\" alt=\"\" width=\"300\" height=\"225\" srcset=\"https:\/\/zofianatra.com\/wp-content\/uploads\/2019\/10\/56832563_333332020658090_9215076999012286464_n-300x225.jpg 300w, https:\/\/zofianatra.com\/wp-content\/uploads\/2019\/10\/56832563_333332020658090_9215076999012286464_n-768x576.jpg 768w, https:\/\/zofianatra.com\/wp-content\/uploads\/2019\/10\/56832563_333332020658090_9215076999012286464_n-1024x768.jpg 1024w, https:\/\/zofianatra.com\/wp-content\/uploads\/2019\/10\/56832563_333332020658090_9215076999012286464_n.jpg 1334w\" sizes=\"auto, (max-width: 300px) 100vw, 300px\" \/><\/p>\n<p><span style=\"font-family: 'comic sans ms', sans-serif;\"><strong>Article 6 &#8211; Les membres<\/strong><\/span><\/p>\n<p><span style=\"font-family: 'comic sans ms', sans-serif;\">Toutes les personnes physique et morale acceptant les dispositions du pr\u00e9sent statut peuvent librement adh\u00e9rer \u00e0 l&rsquo;association.<\/span><\/p>\n<p><span style=\"font-family: 'comic sans ms', sans-serif;\">L&rsquo;association est compos\u00e9e de: Membres actifs , Membres d&rsquo;honneur, Membres bienfaiteurs.<\/span><\/p>\n<p><span style=\"font-family: 'comic sans ms', sans-serif;\"><strong>Article 7 &#8211; Conditions d\u2019adh\u00e9sion<\/strong><\/span><\/p>\n<p><span style=\"font-family: 'comic sans ms', sans-serif;\">La qualit\u00e9 de membre est acquise sur demande \u00e9crite adress\u00e9e au pr\u00e9sident de l\u2019association. En cas de rejet de la demande, il est possible de faire appel devant l\u2019assembl\u00e9e g\u00e9n\u00e9rale. La direction tient \u00e0 jour une liste des membres.<\/span><\/p>\n<p><span style=\"font-family: 'comic sans ms', sans-serif;\"><strong>Article 8 &#8211; Perte de la qualit\u00e9 de membre<\/strong><\/span><\/p>\n<p><span style=\"font-family: 'comic sans ms', sans-serif;\">La qualit\u00e9 de membre se perd par :<\/span><\/p>\n<p><span style=\"font-family: 'comic sans ms', sans-serif;\">&#8211; la d\u00e9mission sans pr\u00e9avis,<\/span><\/p>\n<p><span style=\"font-family: 'comic sans ms', sans-serif;\">&#8211; le d\u00e9c\u00e8s,<\/span><\/p>\n<p><span style=\"font-family: 'comic sans ms', sans-serif;\">&#8211; l\u2019exclusion prononc\u00e9e par la direction, pour non-paiement de la cotisation ou tout autre motif grave.<\/span><\/p>\n<p><span style=\"font-family: 'comic sans ms', sans-serif;\">Il est possible de faire appel de la d\u00e9cision devant l\u2019assembl\u00e9e g\u00e9n\u00e9rale dans un d\u00e9lai d\u2019un mois.<\/span><\/p>\n<p><span style=\"font-family: 'comic sans ms', sans-serif;\"><strong>Article 9 &#8211; Assembl\u00e9e G\u00e9n\u00e9rale (composition et convocation)<\/strong><\/span><\/p>\n<p><span style=\"font-family: 'comic sans ms', sans-serif;\">L\u2019Assembl\u00e9e G\u00e9n\u00e9rale est compos\u00e9e de l\u2019ensemble des membres de l\u2019association. Elle se r\u00e9unit deux fois par an et chaque fois que l\u2019int\u00e9r\u00eat de l\u2019association l\u2019exige, sur convocation du pr\u00e9sident. Le pr\u00e9sident convoque \u00e9galement l\u2019assembl\u00e9e g\u00e9n\u00e9rale sur demande de la direction ou de 3\/10<sup>e<\/sup> des membres, dans un d\u00e9lai de deux mois.<\/span><\/p>\n<p><img loading=\"lazy\" decoding=\"async\" class=\"size-medium wp-image-604 alignright\" src=\"http:\/\/zofianatra.org\/wp-content\/uploads\/2019\/10\/51245402_500450267150580_2785934938891878400_n-300x225.jpg\" alt=\"\" width=\"300\" height=\"225\" srcset=\"https:\/\/zofianatra.com\/wp-content\/uploads\/2019\/10\/51245402_500450267150580_2785934938891878400_n-300x225.jpg 300w, https:\/\/zofianatra.com\/wp-content\/uploads\/2019\/10\/51245402_500450267150580_2785934938891878400_n-768x576.jpg 768w, https:\/\/zofianatra.com\/wp-content\/uploads\/2019\/10\/51245402_500450267150580_2785934938891878400_n-1024x768.jpg 1024w, https:\/\/zofianatra.com\/wp-content\/uploads\/2019\/10\/51245402_500450267150580_2785934938891878400_n.jpg 1040w\" sizes=\"auto, (max-width: 300px) 100vw, 300px\" \/><\/p>\n<p><span style=\"font-family: 'comic sans ms', sans-serif;\"><strong>Article 10 &#8211; Assembl\u00e9e G\u00e9n\u00e9rale (pouvoirs)<\/strong><\/span><\/p>\n<p><span style=\"font-family: 'comic sans ms', sans-serif;\">L\u2019Assembl\u00e9e G\u00e9n\u00e9rale a les pouvoirs suivant : Approbation des comptes de l&rsquo;exercice clos, vote du budget ,fixation du montant de la cotisation, \u00e9lection des membres de la direction.<\/span><\/p>\n<p><span style=\"font-family: 'comic sans ms', sans-serif;\">Pour la validit\u00e9 de ses d\u00e9cisions, la pr\u00e9sence de la moiti\u00e9 de ses membres est n\u00e9cessaire. Si le quorum n\u2019est pas atteint, une nouvelle assembl\u00e9e est convoqu\u00e9e, qui d\u00e9lib\u00e8rera valablement quel que soit le nombre des membres pr\u00e9sents. Les r\u00e9solutions de l\u2019assembl\u00e9e g\u00e9n\u00e9rale sont prises \u00e0 la majorit\u00e9 des suffrages exprim\u00e9s. Il est tenu un registre des d\u00e9lib\u00e9rations de l\u2019Assembl\u00e9e G\u00e9n\u00e9rale, sign\u00e9 par le pr\u00e9sident.<\/span><\/p>\n<p><img loading=\"lazy\" decoding=\"async\" class=\"size-medium wp-image-592 alignleft\" src=\"http:\/\/zofianatra.org\/wp-content\/uploads\/2019\/10\/72262656_396975027643067_529605090055553024_n-300x225.jpg\" alt=\"\" width=\"300\" height=\"225\" srcset=\"https:\/\/zofianatra.com\/wp-content\/uploads\/2019\/10\/72262656_396975027643067_529605090055553024_n-300x225.jpg 300w, https:\/\/zofianatra.com\/wp-content\/uploads\/2019\/10\/72262656_396975027643067_529605090055553024_n-768x576.jpg 768w, https:\/\/zofianatra.com\/wp-content\/uploads\/2019\/10\/72262656_396975027643067_529605090055553024_n.jpg 1024w\" sizes=\"auto, (max-width: 300px) 100vw, 300px\" \/><\/p>\n<p><span style=\"font-family: 'comic sans ms', sans-serif;\"><strong>Article 11 &#8211; La direction (composition)<\/strong><\/span><\/p>\n<p><span style=\"font-family: 'comic sans ms', sans-serif;\">L\u2019association est administr\u00e9e par une direction comprenant trois membres (un pr\u00e9sident, un secr\u00e9taire, un tr\u00e9sorier.) \u00e9lus pour deux an(s) par l\u2019Assembl\u00e9e G\u00e9n\u00e9rale des membres, et choisis en son sein. La direction peut d\u00e9cider que d\u2019autres personnes participent \u00e0 ses r\u00e9unions avec voix consultatives. La direction peut \u00eatre r\u00e9voqu\u00e9e par l\u2019Assembl\u00e9e G\u00e9n\u00e9rale pour non-respect des statuts ou tout autre motif grave relatif \u00e0 la gestion morale et financi\u00e8re de l\u2019association.<\/span><\/p>\n<p><span style=\"font-family: 'comic sans ms', sans-serif;\"><strong>Article 12 &#8211; La direction (pouvoirs)<\/strong><\/span><\/p>\n<p><span style=\"font-family: 'comic sans ms', sans-serif;\">La direction prend toutes les d\u00e9cisions n\u00e9cessaires \u00e0 la gestion quotidienne de l\u2019association qui ne sont pas de la comp\u00e9tence de l\u2019Assembl\u00e9e G\u00e9n\u00e9rale. Elle assure le secr\u00e9tariat de l\u2019Assembl\u00e9e G\u00e9n\u00e9rale et veille \u00e0 ce que toutes les mentions l\u00e9gales \u00e0 transcrire sur le registre des associations soient effectu\u00e9es. La direction se r\u00e9unit autant de fois qu\u2019il est n\u00e9cessaire pour la bonne gestion de l\u2019association et au minimum deux fois par an.<\/span><\/p>\n<p><span style=\"font-family: 'comic sans ms', sans-serif;\"><strong>Article 13 &#8211; Le pr\u00e9sident<\/strong><\/span><\/p>\n<p><span style=\"font-family: 'comic sans ms', sans-serif;\">Le pr\u00e9sident veille au respect des statuts et \u00e0 la sauvegarde des int\u00e9r\u00eats moraux de l\u2019association.<\/span><\/p>\n<p><span style=\"font-family: 'comic sans ms', sans-serif;\">Il supervise la conduite des affaires de l\u2019association et veille au respect des d\u00e9cisions de la direction. Le pr\u00e9sident assume les fonctions de repr\u00e9sentations l\u00e9gales judiciaire et extrajudiciaire de l\u2019association dans tous les actes de la vie civile. Il peut donner d\u00e9l\u00e9gation \u00e0 d\u2019autres membres de la direction pour l\u2019exercice de ses fonctions de repr\u00e9sentation.<\/span><\/p>\n<p><span style=\"font-family: 'comic sans ms', sans-serif;\"><strong>Article 14 &#8211; Le tr\u00e9sorier<\/strong><\/span><\/p>\n<p><span style=\"font-family: 'comic sans ms', sans-serif;\">Le tr\u00e9sorier fait partie des membres de la direction, il veille \u00e0 la r\u00e9gularit\u00e9 des comptes et tient une comptabilit\u00e9 probante. Il rend compte de sa gestion \u00e0 chaque assembl\u00e9e g\u00e9n\u00e9rale.<\/span><\/p>\n<p><img loading=\"lazy\" decoding=\"async\" class=\"size-medium wp-image-611 alignleft\" src=\"http:\/\/zofianatra.org\/wp-content\/uploads\/2019\/10\/DSC_0229-300x199.jpg\" alt=\"\" width=\"300\" height=\"199\" srcset=\"https:\/\/zofianatra.com\/wp-content\/uploads\/2019\/10\/DSC_0229-300x199.jpg 300w, https:\/\/zofianatra.com\/wp-content\/uploads\/2019\/10\/DSC_0229-768x511.jpg 768w, https:\/\/zofianatra.com\/wp-content\/uploads\/2019\/10\/DSC_0229-1024x681.jpg 1024w\" sizes=\"auto, (max-width: 300px) 100vw, 300px\" \/><\/p>\n<p><span style=\"font-family: 'comic sans ms', sans-serif;\"><strong>Article 15 &#8211; Le secr\u00e9taire<\/strong><\/span><\/p>\n<p><span style=\"font-family: 'comic sans ms', sans-serif;\">Le secr\u00e9taire fait partie des membres de la direction, il r\u00e9dige les proc\u00e8s-verbaux d\u2019Assembl\u00e9es G\u00e9n\u00e9rales et des r\u00e9unions de la direction. Il tient le registre des d\u00e9lib\u00e9rations des Assembl\u00e9es G\u00e9n\u00e9rales et de la direction.<\/span><\/p>\n<p><span style=\"font-family: 'comic sans ms', sans-serif;\"><strong>Article 16 &#8211; Modification des statuts<\/strong><\/span><\/p>\n<p><span style=\"font-family: 'comic sans ms', sans-serif;\">La modification des statuts de l\u2019association, y compris de son but, doit \u00eatre d\u00e9cid\u00e9e par l\u2019assembl\u00e9e g\u00e9n\u00e9rale des membres \u00e0 une majorit\u00e9 de 2\/3 des membres.<\/span><\/p>\n<p><img loading=\"lazy\" decoding=\"async\" class=\"size-medium wp-image-612 alignleft\" src=\"http:\/\/zofianatra.org\/wp-content\/uploads\/2019\/10\/DSC_0313-300x199.jpg\" alt=\"\" width=\"300\" height=\"199\" srcset=\"https:\/\/zofianatra.com\/wp-content\/uploads\/2019\/10\/DSC_0313-300x199.jpg 300w, https:\/\/zofianatra.com\/wp-content\/uploads\/2019\/10\/DSC_0313-768x511.jpg 768w, https:\/\/zofianatra.com\/wp-content\/uploads\/2019\/10\/DSC_0313-1024x681.jpg 1024w\" sizes=\"auto, (max-width: 300px) 100vw, 300px\" \/><\/p>\n<p><span style=\"font-family: 'comic sans ms', sans-serif;\">Les d\u00e9lib\u00e9rations ne peuvent porter que sur l\u2019adoption ou le rejet des propositions de modifications arr\u00eat\u00e9es par la direction. Les conditions de convocation de l\u2019Assembl\u00e9e examinant les modifications statutaires sont celles pr\u00e9vues \u00e0 l\u2019article 10 des pr\u00e9sents statuts.<\/span><\/p>\n<p><span style=\"font-family: 'comic sans ms', sans-serif;\"><strong>Article 17 &#8211; Dissolution<\/strong><\/span><\/p>\n<p><span style=\"font-family: 'comic sans ms', sans-serif;\">La dissolution de l\u2019association est prononc\u00e9e \u00e0 la demande de la direction par une Assembl\u00e9e G\u00e9n\u00e9rale des 2\/3 des membres.<\/span><\/p>\n<p><span style=\"font-family: 'comic sans ms', sans-serif;\">L\u2019Assembl\u00e9e G\u00e9n\u00e9rale d\u00e9signe \u00e9galement un ou plusieurs commissaires, charg\u00e9s de la liquidation des biens de l\u2019association (membre(s) ou non membre(s) de l\u2019association).<\/span><\/p>\n<p><img loading=\"lazy\" decoding=\"async\" class=\"size-medium wp-image-598 alignright\" src=\"http:\/\/zofianatra.org\/wp-content\/uploads\/2019\/10\/DSC_0185-300x199.jpg\" alt=\"\" width=\"300\" height=\"199\" srcset=\"https:\/\/zofianatra.com\/wp-content\/uploads\/2019\/10\/DSC_0185-300x199.jpg 300w, https:\/\/zofianatra.com\/wp-content\/uploads\/2019\/10\/DSC_0185-768x511.jpg 768w, https:\/\/zofianatra.com\/wp-content\/uploads\/2019\/10\/DSC_0185-1024x681.jpg 1024w\" sizes=\"auto, (max-width: 300px) 100vw, 300px\" \/><\/p>\n<p><span style=\"font-family: 'comic sans ms', sans-serif;\">L&rsquo;actif net subsistant sera obligatoirement attribu\u00e9 \u00e0 une association poursuivant un but similaire , choisi par l&rsquo;assembl\u00e9e g\u00e9n\u00e9rale.<\/span><\/p>\n<p><span style=\"font-family: 'comic sans ms', sans-serif;\"><strong>Article 18 &#8211; R\u00e8glement int\u00e9rieur<\/strong><\/span><\/p>\n<p><span style=\"font-family: 'comic sans ms', sans-serif;\">Un r\u00e8glement int\u00e9rieur, \u00e9tabli par la direction, pr\u00e9cise les modalit\u00e9s d\u2019ex\u00e9cution des pr\u00e9sents statuts.<\/span><\/p>\n","protected":false},"excerpt":{"rendered":"<p>A propos de nous \u00ab Zo Fianatra \u00bb s\u2019est engag\u00e9 dans l\u2019am\u00e9lioration du milieu d\u2019\u00e9ducation et aides aux enfants afin de permettre leur scolarisation. L\u2019\u00e9ducation est reconnue comme un des leviers les plus puissants pour sortir de la pauvret\u00e9 et<\/p>\n","protected":false},"author":1,"featured_media":0,"parent":0,"menu_order":0,"comment_status":"closed","ping_status":"closed","template":"","meta":{"footnotes":""},"class_list":["post-356","page","type-page","status-publish","hentry"],"_links":{"self":[{"href":"https:\/\/zofianatra.com\/index.php\/wp-json\/wp\/v2\/pages\/356","targetHints":{"allow":["GET"]}}],"collection":[{"href":"https:\/\/zofianatra.com\/index.php\/wp-json\/wp\/v2\/pages"}],"about":[{"href":"https:\/\/zofianatra.com\/index.php\/wp-json\/wp\/v2\/types\/page"}],"author":[{"embeddable":true,"href":"https:\/\/zofianatra.com\/index.php\/wp-json\/wp\/v2\/users\/1"}],"replies":[{"embeddable":true,"href":"https:\/\/zofianatra.com\/index.php\/wp-json\/wp\/v2\/comments?post=356"}],"version-history":[{"count":20,"href":"https:\/\/zofianatra.com\/index.php\/wp-json\/wp\/v2\/pages\/356\/revisions"}],"predecessor-version":[{"id":674,"href":"https:\/\/zofianatra.com\/index.php\/wp-json\/wp\/v2\/pages\/356\/revisions\/674"}],"wp:attachment":[{"href":"https:\/\/zofianatra.com\/index.php\/wp-json\/wp\/v2\/media?parent=356"}],"curies":[{"name":"wp","href":"https:\/\/api.w.org\/{rel}","templated":true}]}}